= 3*s. List the prime factors of s.
3, 7, 1151
Let w(k) = 913*k**2 + 89*k + 283. List the prime factors of w(-4).
3, 5, 17, 19
Let i(c) = -2*c**3 - 21*c**2 + 12*c - 27. Let q be i(-17). Suppose 12*g = q + 2510. What are the prime factors of g?
503
Suppose 8*o - 471109 = -27*o + 152136. What are the prime factors of o?
17807
Suppose 15*s = f + 14*s - 5468, s - 16404 = -3*f. List the prime factors of f.
2, 1367
Let d(p) = -p**2 + p. Let q be d(2). Let o be (-8)/q*(-13)/(-2) - 3. Let t = 7 + o. List the prime factors of t.
2, 3, 5
Suppose -12*x - 5*l = -15*x + 625, -4*x + 2*l + 838 = 0. Let s = x + -98. What are the prime factors of s?
2, 7
List the prime factors of 9813*(1 + (-6)/18).
2, 3271
Let f(g) = 6*g - 46. Let w be f(9). Suppose -15 - 553 = -w*i. List the prime factors of i.
71
Suppose -1246 - 374 = -12*d. Suppose -d*j = -122*j - 7488. What are the prime factors of j?
2, 3
Let b(l) = l + 19. Let q be b(-3). Suppose 285 = q*k - 147. Let d = 14 + k. What are the prime factors of d?
41
Suppose 2*o = -4, -8 = c + 2*o - 4. Suppose 16*a - 15*a - 16 = c. What are the prime factors of 4 - (-1796)/a - 2/8?
2, 29
What are the prime factors of 3/4 - 699512/220*10/(-16)?
2, 7, 71
Suppose -125*r + 123*r - 7974 = -4*f, -3*f - 4*r = -5986. What are the prime factors of f?
2, 997
Let k(o) = -o**3 + 2*o**2 + o + 703. Suppose 0 = 4*d + 2*u + 2, 8*d + u = 3*d - 1. Let n be k(d). Let l = n - 501. List the prime factors of l.
2, 101
Suppose 4*k - 413326 = -5*p, -5440*k = -p - 5437*k + 82688. List the prime factors of p.
2, 5, 7, 1181
List the prime factors of (-9 + 0)/((-255)/100 - 135/(-54)).
2, 3, 5
Let s = -15903 - -16639. List the prime factors of s.
2, 23
List the prime factors of (24 - 21 - 4) + 44332.
3, 7, 2111
Suppose 3*s - 5*d + 365 + 178 = 0, 0 = 4*d. Let n be 4/(-22) - (-8356)/(-22). Let f = s - n. List the prime factors of f.
199
Let d(i) be the first derivative of 19*i**2 + 15*i + 10. List the prime factors of d(11).
433
Suppose -641*m + 230*m + 10405274 = -2668225. What are the prime factors of m?
3, 23, 461
Let l be (-12)/8*(-6)/(-9). Let w be l + 1 + -1 - -3 - -1. Suppose -3*d + 708 = -2*o, -d - 4*d = w*o - 1161. What are the prime factors of d?
2, 3, 13
Let z(m) = -2418*m + 1. List the prime factors of z(-7).
16927
Suppose -20946 = -5*s + 7*w - 8*w, -20950 = -5*s - 5*w. List the prime factors of s.
59, 71
Let c = 2213 - 1553. Let v = -1093 + 1173. Suppose 5*d - c = -5*y, 2*d + v = y - 55. List the prime factors of y.
7, 19
Let g(s) = s**3 - 13*s**2 + 25*s - 33. Let c be g(11). What are the prime factors of c/(-2 - -3) + (135 - -13)?
2, 37
What are the prime factors of (-8 - 5) + 5 - (-25368)/4?
2, 3167
Let l be (((-6)/4)/3)/(11/(-1034)). List the prime factors of (103 + l)*8/10.
2, 3, 5
Suppose -n + 10071 = 9*j, 17*n = 3*j + 18*n - 3357. List the prime factors of j.
3, 373
Suppose 410*o - 125*o - 13471729 = 5496731. What are the prime factors of o?
2, 7, 2377
Suppose 115 = v + 40. Suppose -5*i - 15 = -4*k + 40, 5*i + v = 5*k. Suppose 0 = q - 6*q + k. List the prime factors of q.
2
Suppose 0 = 28*s + 22*s. List the prime factors of (-38)/76 + 2353/2 + s.
2, 3, 7
Suppose -6*u - 28604 + 232586 = 0. List the prime factors of u.
33997
Suppose 8*c - 250070 = -7*c - 29375. What are the prime factors of c?
14713
Let r = 96 + -177. Let c = r + 82. List the prime factors of ((-4)/8)/(c/(-68)).
2, 17
List the prime factors of (1 + (-7)/3)/(-1*6/109341).
2, 12149
Suppose 17*w = 10*w + 21. Let v = 104 - w. List the prime factors of v.
101
Let i = 46 + -46. Suppose 2*n = 2*q + 5 + 3, i = 2*n + q - 8. Suppose 301 = 3*f + n*f. List the prime factors of f.
43
Let t be (-4 - -237)*(2 - 0). Suppose -617 = -3*q + t. List the prime factors of q.
19
List the prime factors of ((-10465)/315 - -33) + 201604/18.
2, 5, 7
Let a = 11927 - -33. List the prime factors of a.
2, 5, 13, 23
Let m(f) = f**2 - 9*f - 8. Let u be m(20). Suppose 23*c = 25*c - u. List the prime factors of c.
2, 53
Let w = 0 + 4. Suppose -10*h + 144 = -w*h. Suppose 0 = -h*s + 20*s + 252. What are the prime factors of s?
3, 7
Let a be (-73926)/(-63) + 12/(-28). Let u = a - 599. List the prime factors of u.
2, 7, 41
Let b(z) = -z**2 - 359*z - 259. What are the prime factors of b(-43)?
3, 1481
Let o = -4547 - -21801. List the prime factors of o.
2, 8627
Let x(z) = -15*z - 57. Let n be (-5 + 125)*(1 - 0). Suppose 6*r + n = -4*r. List the prime factors of x(r).
3, 41
Suppose 3*l - 5*l = l. Suppose l = s + 389 - 1088. What are the prime factors of s?
3, 233
Let s(m) = 63*m**3 - 20*m**2 + 132*m - 39. List the prime factors of s(5).
2, 1999
Let m = 2032 + -1183. Suppose 2*a - m = 3*o - 256, 5*a = 4*o + 1500. What are the prime factors of a?
2, 19
Let p = 6 + 22. Suppose 0 = -12*s + 5*s + p. Suppose -5*g = -5*l + 315, -4*l - l - s*g = -306. What are the prime factors of l?
2, 31
Let q(p) = -p**2 + 44*p + 87. Let m be (1/(10/(-48)))/(594/(-3960)). What are the prime factors of q(m)?
3, 157
List the prime factors of (-63)/(-21) + (-1*347)/((-1)/29).
2, 7, 719
Let w = -6 - -8. Let a be 10 + 1/(w*(-3)/18). Let d(z) = -z**3 + 8*z**2 + 8*z - 5. What are the prime factors of d(a)?
2, 5
Suppose 5*j + 4*m = 231671, -2*j + j - 5*m + 46330 = 0. What are the prime factors of (-2)/(-10) - j/(-75)?
2, 3, 103
Suppose 5*b - 200 = -200. Suppose 2*r + 4*m - 2130 = b, -3*r + 2*m = -485 - 2678. What are the prime factors of r?
7, 151
Let f = -2451 - -1278. List the prime factors of (-3 + -11 - f)*(2 + -1).
19, 61
Let d be -17 - -6 - -7 - -4. List the prime factors of (d - -2)*(113 - -5).
2, 59
Let f = 144212 + -81396. What are the prime factors of f?
2, 13, 151
Let b(s) = 11*s**2 + 11*s - 24. Let z be b(-9). Suppose -5*j = -2*i - 108 + z, i - 2*j - 328 = 0. What are the prime factors of i?
2, 5
Suppose 2258*k - 29316 = 2216*k. What are the prime factors of k?
2, 349
Let a(f) = -53*f + 10 + 7 - 2. Suppose 5*x + 34 = -5*h + 9, 0 = -5*x - h - 21. List the prime factors of a(x).
227
Suppose -4*u + 2*t + 8 - 34 = 0, -45 = 5*u - 5*t. Let s(p) = 28*p**2 + 7*p + 45. What are the prime factors of s(u)?
3, 5, 31
What are the prime factors of 60/3 + 31328 + -2?
2, 7, 2239
Let b = -5249 + 8212. What are the prime factors of b?
2963
Suppose 2*r - 7*q = -6*q + 52170, -2*r + 52166 = -2*q. List the prime factors of r.
19, 1373
Let l = 5 - 4. Let x be (1/(-3)*-3)/l. Let j = 14 - x. What are the prime factors of j?
13
Let t = -75862 - -115954. Suppose 0 = 42*i - 3*i - t. List the prime factors of i.
2, 257
Suppose x - 2*q = 6, -3*q + 1 = 7. Suppose 0*v - 10 = x*v. What are the prime factors of 5/(-75)*v - 592/(-6)?
3, 11
Let x = -1670 + 2579. Suppose 0 = 4*s - 4289 + x. List the prime factors of s.
5, 13
Suppose -p + u = -96, u + 489 = 5*p - u. Let f = p + 369. List the prime factors of f.
2, 3, 13
Suppose 8 = 4*h - 4*i - 4, -5*i - 9 = -2*h. Let x be (-3)/h*84/(-27)*-15. Let v = x - -88. List the prime factors of v.
2, 3
Let b(l) = 75*l - 229. Suppose -20 = 13*h - 17*h. List the prime factors of b(h).
2, 73
Let f be ((-39)/26)/((-2)/4). Suppose -24 = -4*h - 32. What are the prime factors of 132/f + (-8)/h?
2, 3
Let o(r) = -54*r - 95. Let k be o(12). Let w = -441 - k. List the prime factors of w.
2, 151
Let c(k) = 6*k + 78. Let o be c(0). Suppose 258 = -4*i + o. Let r = i - -143. List the prime factors of r.
2, 7
Suppose 592 = 21*c - 29*c. What are the prime factors of c/(-5*(-6)/(-105))?
7, 37
Suppose 5*o = -2*l + 8, 4*l - 8 = 3*o + 2*l. Suppose o = -d - 18*d + 7657. List the prime factors of d.
13, 31
List the prime factors of ((288/(-7))/2)/((-49)/((-2221954)/(-123))).
2, 3, 79
Let p = 102 + -100. Suppose -3*h = 2*z + 603, -4*h + p*h + 4*z = 386. Let t = h - -279. What are the prime factors of t?
2, 5
Suppose 39*d - 594 = 12*d. Suppose 4777 = d*j - 16255. List the prime factors of j.
2, 239
Let h(s) = 312 - 23*s + 15*s - 45. Suppose -3*z = 5*n + 12, 2 + 2 = -5*n - z. List the prime factors of h(n).
3, 89
List the prime factors of (40/14)/((-112)/392) + 4822.
2, 3, 401
Let m = 9 - 87. Let g = -171 - m. Let z = g + 161. List the prime factors of z.
2, 17
Suppose 0 = -y - 4*f + 30773, -4*y - 31*f = -35*f - 123032. What are the prime factors of y?
19, 1619
Let s(g) be the first derivative of 297*g**4/4 + g**2 - g + 12. What are the prime fact